8
Let u be (-3 + 3)/1 - (0 - 26). Calculate the greatest common factor of u and 13.
13
Suppose -2*x - h + 15 = 2*h, 4*h - 9 = x. Suppose -2*m + x = -31. Let v be 0 - (-48 + (-6)/2). What is the greatest common factor of v and m?
17
Let h(v) = -v - 3. Let f be h(-8). Suppose 3*n = 7*g - 3*g + 47, 3*n - f*g - 49 = 0. What is the greatest common factor of 91 and n?
13
Let s(u) = u**3 - 9*u**2 - 9*u - 4. Suppose w - 5*w = -40. Let p be s(w). Calculate the greatest common divisor of 54 and p.
6
Let w(o) = o**2 - 6*o - 4. Let d be w(6). Let b = -3 - d. Let n be -1*b*-2*2. What is the greatest common divisor of n and 32?
4
Suppose -5*i + 5*f = -225, -3*i + 5*f = -5*i + 111. Let r be (-2)/8 + (-519)/4. Let q be r/(-8) - (-1)/(-4). Calculate the greatest common factor of i and q.
16
Let z = 1 + 25. Let v be 0/(-2) - 3*-13. Calculate the highest common divisor of v and z.
13
Suppose 2*j = -5*y + 35, 0 = -4*y - 0*j - 2*j + 28. Calculate the highest common factor of y and 1.
1
Let q = -37 - -97. Suppose -5*w + n = -9, -n = n - 2. Suppose w*y + 0*y - 12 = 0. What is the highest common factor of y and q?
6
Let z = 16 + 27. Let l be 2*(z/2 - -1). What is the highest common divisor of l and 15?
15
Let t = 148 + -141. Let l(z) = z**2 + 3*z - 4. Let n be l(-6). Calculate the highest common divisor of n and t.
7
Suppose -4*r + 48 = -4*s, 0*r - 3*r = -2*s - 34. Let i = 0 - -5. What is the highest common divisor of r and i?
5
Suppose 0 = 2*d + 4, 0 = 3*h - 0*d + 2*d - 29. Suppose 0*z = -2*z + 22. Calculate the highest common divisor of h and z.
11
Suppose 3*n + 5*r - 790 = 0, 0 = 4*n - 2*r - 3*r - 995. Suppose 2*t + 0*i - 2*i - 166 = 0, n = 3*t - 5*i. What is the highest common factor of t and 32?
16
Suppose 4*i = -0*i - 4. Let l = i + 3. Suppose b - l = -b. Calculate the greatest common divisor of 3 and b.
1
Let z(p) = p**3 - 4*p**2 - 6*p + 4. Let f be z(5). Let m be f + 0 + -4 + 10. Suppose -m*b = -19 - 6. Calculate the greatest common divisor of b and 10.
5
Suppose 0 = -4*z + 39 - 131. Let q = 25 + z. What is the highest common divisor of q and 2?
2
Suppose -2*n + 12 - 4 = 0, -617 = -g - 3*n. Suppose 5*p = g - 230. Calculate the greatest common factor of p and 15.
15
Suppose n = 5*w - 4*n - 160, -2*n = 2*w - 56. What is the highest common factor of w and 10?
10
Suppose -2*c + 20 = -4*f, 10 + 30 = 4*c + 2*f. Let n = c + 35. Calculate the highest common factor of n and 5.
5
Let k be (-429)/(-26) + (-1)/2. What is the greatest common divisor of k and 112?
16
Suppose -3*r - 19 = 2*q, -5*q + 0*r - 22 = -r. Let h be (4/q)/((-2)/30). What is the greatest common divisor of h and 18?
6
Let o(b) be the second derivative of -b**3/6 + 7*b**2/2 + 2*b. Let l be o(6). Let i(a) = a + 11. Let y be i(0). What is the highest common divisor of y and l?
1
Let d = -6 - 7. Let l = d + 8. Let c = l + 16. Calculate the highest common divisor of 44 and c.
11
Let j(q) = -q - 9. Let u(g) = 2*g + 14. Let i(c) = 8*j(c) + 5*u(c). Let z be i(2). Let f be (48/15)/(1/5). What is the greatest common divisor of f and z?
2
Let v(t) = t**3 + 8*t**2 - 15*t - 14. Let a be v(-9). Calculate the highest common divisor of a and 16.
8
Suppose -2*d - 4*s - 20 = 0, -2*d - 5*s - 26 + 1 = 0. Suppose 5*q - 10 - 15 = d. Suppose q*y = y + 32. Calculate the highest common divisor of 64 and y.
8
Let f(z) = 3*z + 52. Let i be f(-16). Calculate the highest common factor of i and 8.
4
Let u = -32 - -46. What is the highest common factor of 112 and u?
14
Suppose 3*s + 2*c = c + 15, 4*s - 3*c = 7. Suppose 8*k + 127 = 4*k - 3*f, 0 = s*k + f + 117. Let i = k - -80. Calculate the highest common factor of 13 and i.
13
Suppose 40 = 2*w + 10. What is the greatest common factor of w and 45?
15
Let i be 1 + 1 + -3 + 5. Suppose -2*r - 2 - 8 = i*n, 5*r = 5. Let g = 5 + n. Calculate the highest common factor of g and 18.
2
Let r be 2/3*(23 - -1). What is the greatest common factor of 16 and r?
16
Let d(j) = -5*j**3 + j**3 - 9*j**2 + 2 + j + 5*j**3. Let y be d(9). Calculate the highest common factor of y and 110.
11
Suppose -s = -3*s + 30. Calculate the greatest common factor of s and 105.
15
Suppose -722 - 608 = -19*m. Calculate the highest common factor of 14 and m.
14
Let i(l) be the third derivative of 3*l**4/4 - l**3/3 - 5*l**2. Let v be i(3). What is the highest common divisor of v and 26?
26
Suppose -4*m = -8 + 4. Calculate the highest common factor of m and 9.
1
Let i be 5*9*28/15. What is the highest common factor of 21 and i?
21
Suppose -18 + 4 = -q. Let z = -10 + 12. Suppose d - z*d + q = 0. What is the greatest common divisor of 14 and d?
14
Let h(g) be the second derivative of -1/4*g**5 - 1/2*g**2 - 4*g - 1/6*g**3 + 1/12*g**4 + 0. Let a be h(-1). What is the greatest common factor of 12 and a?
6
Suppose -4*v + 0*g + 2*g + 14 = 0, -5*v - g + 7 = 0. Suppose v*d - 3*d + 55 = 0. Calculate the highest common factor of d and 11.
11
Let b(h) be the first derivative of 26*h**3/3 - h**2/2 - 3*h - 2. Let x be b(-5). Let p be 6/(-8) - x/(-16). Calculate the greatest common divisor of p and 5.
5
Let w = 8 + -3. Suppose -61 - 44 = -w*c. What is the greatest common factor of 189 and c?
21
Suppose -6*y - 5 = -y, 2*t + 4*y = 290. What is the highest common factor of t and 21?
21
Let a = 6 + -9. Let k(l) = l**2 + 3. Let j be k(a). Let o(s) = 4*s**2 + s + 3. Let b be o(-3). Calculate the greatest common factor of j and b.
12
Suppose -84 = -2*k + 3*n + 111, 2*k + 2*n = 170. Let a be 36/(-10)*(-20)/2. What is the greatest common factor of a and k?
18
Let a be (7/2)/(2/16). What is the greatest common factor of 4 and a?
4
Let t = -9 + 30. What is the highest common factor of 189 and t?
21
Let s(z) = 4*z**2 + 12*z - 4. Let o be s(-8). What is the highest common divisor of o and 39?
39
Suppose 8*z = 2*z + 408. Calculate the highest common factor of z and 17.
17
Let x(t) = 29*t + 1. Let h be x(-5). Let i be (-10 - 0)*h/(-10). Let j = -74 - i. What is the highest common factor of j and 10?
10
Suppose -4*p = p - 45. Suppose 0 = 5*l - 3*l. Suppose -2*g + 20 + 16 = l. What is the greatest common factor of g and p?
9
Let i be (-32*(1 - 0))/(2/(-22)). What is the highest common divisor of 44 and i?
44
Let v = 128 + -77. What is the greatest common factor of 17 and v?
17
Let g be (-682)/(-10) + (-2)/10. Suppose 0 = 4*n - g - 12. Suppose -40 = -6*h + 2*h. Calculate the highest common divisor of n and h.
10
Suppose -i + 46 = 3*i + d, 0 = 3*i - 3*d - 42. Calculate the highest common divisor of 48 and i.
12
Let b be (-36)/(-20) + (-2)/(-10). Suppose b*t + 3*d - 346 = -d, 0 = -t + d + 182. Let u = t - 53. What is the greatest common factor of u and 14?
14
Suppose -261 + 90 = -19*m. What is the greatest common divisor of m and 9?
9
Let q(s) be the third derivative of -s**4/6 - 11*s**3/6 + 6*s**2. Let x be q(-9). Suppose 50 = 3*p + 2*p. What is the greatest common factor of x and p?
5
Suppose -5*c - 116 = -2*c - 2*p, 0 = -2*c - p - 68. Let m be c/(-8) - 1/(-2). Let w = 97 + -62. Calculate the greatest common factor of m and w.
5
Let q be (-86)/(1 + 2 + -4) + 2. Let i be 1 + 0 - 1 - -8. What is the highest common divisor of i and q?
8
Suppose 9*t = 200 - 20. What is the highest common divisor of t and 20?
20
Let r be 4/(-2)*91/(-7). Calculate the highest common divisor of r and 286.
26
Suppose 4*c - 6 = 2. Suppose 2*f = 4 + 8. What is the highest common factor of c and f?
2
Let p be (((-25)/2)/5)/(1/(-8)). Calculate the greatest common divisor of p and 40.
20
Let p = -5 + 10. Let q(l) = 4*l + 2. Let b be q(2). Let s = p + b. Calculate the highest common divisor of s and 120.
15
Let i(g) = g**3 + 6*g**2 - 8*g - 4. Let w be i(-6). Suppose 0 = 2*z - z - 5*s - 19, -2*z + 4*s = -w. Calculate the highest common divisor of 16 and z.
8
Let c(p) = -24*p - 46. Let z be c(-3). Calculate the greatest common divisor of z and 78.
26
Let y = 70 + -37. Suppose 0 = 4*p + p, -4*p - 33 = -3*n. Calculate the greatest common factor of y and n.
11
Let y = -2 + 5. Let j = 302 + -275. What is the greatest common factor of y and j?
3
Let b(h) = 3*h + 4. Let a = 7 + -1. Let i be b(a). What is the greatest common divisor of i and 55?
11
Let c be 6 - (4 + -1 - 1). Suppose -4*g - 12 = 2*r - 110, -c*r = -5*g - 170. What is the highest common factor of r and 30?
15
Let u = -14 - -2